{"version":"1.0","provider_name":"CliCK on T","provider_url":"https:\/\/clickont.ftsnet.it\/es\/","author_name":"Admin Nkey","author_url":"https:\/\/clickont.ftsnet.it\/es\/author\/adminnkeyeu\/","title":"La huella de carbono en la ganader\u00eda ecol\u00f3gica - CliCK on T","type":"rich","width":600,"height":338,"html":"<blockquote class=\"wp-embedded-content\" data-secret=\"ZuQ7qK59nu\"><a href=\"https:\/\/clickont.ftsnet.it\/es\/la-huella-de-carbono-en-la-ganaderia-ecologica\/\">La huella de carbono en la ganader\u00eda ecol\u00f3gica<\/a><\/blockquote><iframe sandbox=\"allow-scripts\" security=\"restricted\" src=\"https:\/\/clickont.ftsnet.it\/es\/la-huella-de-carbono-en-la-ganaderia-ecologica\/embed\/#?secret=ZuQ7qK59nu\" width=\"600\" height=\"338\" title=\"\u00abLa huella de carbono en la ganader\u00eda ecol\u00f3gica\u00bb \u2014 CliCK on T\" data-secret=\"ZuQ7qK59nu\" frameborder=\"0\" marginwidth=\"0\" marginheight=\"0\" scrolling=\"no\" class=\"wp-embedded-content\"><\/iframe><script type=\"text\/javascript\">\n\/*! This file is auto-generated *\/\n!function(d,l){\"use strict\";var e=!1,o=!1;if(l.querySelector)if(d.addEventListener)e=!0;if(d.wp=d.wp||{},!d.wp.receiveEmbedMessage)if(d.wp.receiveEmbedMessage=function(e){var t=e.data;if(t)if(t.secret||t.message||t.value)if(!\/[^a-zA-Z0-9]\/.test(t.secret)){for(var r,a,i,s=l.querySelectorAll('iframe[data-secret=\"'+t.secret+'\"]'),n=l.querySelectorAll('blockquote[data-secret=\"'+t.secret+'\"]'),o=new RegExp(\"^https?:$\",\"i\"),c=0;c<n.length;c++)n[c].style.display=\"none\";for(c=0;c<s.length;c++)if(r=s[c],e.source===r.contentWindow){if(r.removeAttribute(\"style\"),\"height\"===t.message){if(1e3<(i=parseInt(t.value,10)))i=1e3;else if(~~i<200)i=200;r.height=i}if(\"link\"===t.message)if(a=l.createElement(\"a\"),i=l.createElement(\"a\"),a.href=r.getAttribute(\"src\"),i.href=t.value,o.test(i.protocol))if(i.host===a.host)if(l.activeElement===r)d.top.location.href=t.value}}},e)d.addEventListener(\"message\",d.wp.receiveEmbedMessage,!1),l.addEventListener(\"DOMContentLoaded\",t,!1),d.addEventListener(\"load\",t,!1);function t(){if(!o){o=!0;for(var e,t,r,a=-1!==navigator.appVersion.indexOf(\"MSIE 10\"),i=!!navigator.userAgent.match(\/Trident.*rv:11\\.\/),s=l.querySelectorAll(\"iframe.wp-embedded-content\"),n=0;n<s.length;n++){if(!(r=(t=s[n]).getAttribute(\"data-secret\")))r=Math.random().toString(36).substr(2,10),t.src+=\"#?secret=\"+r,t.setAttribute(\"data-secret\",r);if(a||i)(e=t.cloneNode(!0)).removeAttribute(\"security\"),t.parentNode.replaceChild(e,t);t.contentWindow.postMessage({message:\"ready\",secret:r},\"*\")}}}}(window,document);\n<\/script>\n","thumbnail_url":"https:\/\/clickont.ftsnet.it\/wp-content\/uploads\/2022\/01\/1.png","thumbnail_width":1016,"thumbnail_height":548,"description":"La Agencia Galega para la Calidad Alimentaria (AGACAL) organiza dos jornadas de estudio en profundidad sobre la huella de carbono en la ganader\u00eda ecol\u00f3gica. Durante estos dos d\u00edas se abordar\u00e1n tres temas principales, en relaci\u00f3n con el desarrollo sostenible: &#8211; Agricultura org\u00e1nica &#8211; La huella..."}

La huella de carbono en la ganadería ecológica - CliCK on T

<blockquote class="wp-embedded-content" data-secret="ZuQ7qK59nu"><a href="https://clickont.ftsnet.it/es/la-huella-de-carbono-en-la-ganaderia-ecologica/">La huella de carbono en la ganadería ecológica</a></blockquote><iframe sandbox="allow-scripts" security="restricted" src="https://clickont.ftsnet.it/es/la-huella-de-carbono-en-la-ganaderia-ecologica/embed/#?secret=ZuQ7qK59nu" width="600" height="338" title="«La huella de carbono en la ganadería ecológica» — CliCK on T" data-secret="ZuQ7qK59nu" frameborder="0" marginwidth="0" marginheight="0" scrolling="no" class="wp-embedded-content"></iframe><script type="text/javascript">
/*! This file is auto-generated */
!function(d,l){"use strict";var e=!1,o=!1;if(l.querySelector)if(d.addEventListener)e=!0;if(d.wp=d.wp||{},!d.wp.receiveEmbedMessage)if(d.wp.receiveEmbedMessage=function(e){var t=e.data;if(t)if(t.secret||t.message||t.value)if(!/[^a-zA-Z0-9]/.test(t.secret)){for(var r,a,i,s=l.querySelectorAll('iframe[data-secret="'+t.secret+'"]'),n=l.querySelectorAll('blockquote[data-secret="'+t.secret+'"]'),o=new RegExp("^https?:$","i"),c=0;c<n.length;c++)n[c].style.display="none";for(c=0;c<s.length;c++)if(r=s[c],e.source===r.contentWindow){if(r.removeAttribute("style"),"height"===t.message){if(1e3<(i=parseInt(t.value,10)))i=1e3;else if(~~i<200)i=200;r.height=i}if("link"===t.message)if(a=l.createElement("a"),i=l.createElement("a"),a.href=r.getAttribute("src"),i.href=t.value,o.test(i.protocol))if(i.host===a.host)if(l.activeElement===r)d.top.location.href=t.value}}},e)d.addEventListener("message",d.wp.receiveEmbedMessage,!1),l.addEventListener("DOMContentLoaded",t,!1),d.addEventListener("load",t,!1);function t(){if(!o){o=!0;for(var e,t,r,a=-1!==navigator.appVersion.indexOf("MSIE 10"),i=!!navigator.userAgent.match(/Trident.*rv:11\./),s=l.querySelectorAll("iframe.wp-embedded-content"),n=0;n<s.length;n++){if(!(r=(t=s[n]).getAttribute("data-secret")))r=Math.random().toString(36).substr(2,10),t.src+="#?secret="+r,t.setAttribute("data-secret",r);if(a||i)(e=t.cloneNode(!0)).removeAttribute("security"),t.parentNode.replaceChild(e,t);t.contentWindow.postMessage({message:"ready",secret:r},"*")}}}}(window,document);
</script>

La Agencia Galega para la Calidad Alimentaria (AGACAL) organiza dos jornadas de estudio en profundidad sobre la huella de carbono en la ganadería ecológica. Durante estos dos días se abordarán tres temas principales, en relación con el desarrollo sostenible: &#8211; Agricultura orgánica &#8211; La huella...
